ommon factor of 25 and i.
25
Let n(o) = o**2 + 13*o + 3. Let j be n(-13). Suppose -103 = -j*p - 5*w + 1, -3*w - 6 = 0. Calculate the greatest common factor of 95 and p.
19
Let p(d) = 3*d - 46. Let s be p(-20). Let h = s - -123. What is the greatest common factor of 34 and h?
17
Suppose -14*j + 275 = -13*j. What is the greatest common factor of j and 11?
11
Suppose -15 + 0 = l. Let v be 8/(-1)*l/40. Calculate the greatest common factor of v and 12.
3
Let a(w) = 39*w**2 + w - 6. Let j be a(3). Calculate the greatest common divisor of 12 and j.
12
Let v(x) = -12*x**3 - 3*x**2 + 4. Let d be v(-2). Calculate the highest common factor of 66 and d.
22
Suppose 5*k - 273 = k + 3*h, -3*k + 231 = 3*h. Calculate the highest common factor of k and 45.
9
Let q = 9 + -6. Suppose 2*k = -2*k - q*v + 46, 0 = -5*v + 10. Suppose 2*x - k = 8. Calculate the greatest common divisor of x and 81.
9
Let g(c) = c**2 - 40*c - 2. Let a be g(41). Calculate the greatest common factor of 65 and a.
13
Suppose o - 6 = -2*s, 3*o - 4*s = 4*o. Let y = o + 3. What is the greatest common divisor of 6 and y?
3
Let d = -1 - -171. Calculate the greatest common divisor of 102 and d.
34
Let z be 1*-1 + 9 + 1272. Suppose -5*y = -4*n + z, -2*y + 3*y = 0. Suppose 0 = -24*s + 28*s - n. What is the highest common factor of s and 10?
10
Suppose 57*b = 3*l + 62*b - 216, 0 = 5*l + b - 338. Calculate the highest common factor of l and 1809.
67
Let l = 7 + 1. Let r = 4 - 2. Suppose -160 = -r*o - 2*o. What is the highest common divisor of o and l?
8
Let n = -4 - -2. Let a be n*(0 - -1)*8. Let y = -13 - a. Calculate the greatest common divisor of y and 24.
3
Suppose 11*w - 11 - 11 = 0. Calculate the highest common factor of w and 130.
2
Let o be (-9)/(-18) - (-3)/2. Suppose -o*s - 5 = -5*l, 6*s - 16 = 3*l + s. Calculate the highest common divisor of 12 and l.
3
Let j = -648 + 692. What is the highest common divisor of j and 616?
44
Let z be ((9 - 0) + 0)*2. Suppose -3*f + 2271 = 765. Suppose 3*k = 92 + f. Calculate the highest common factor of k and z.
18
Let v(w) = -41*w - 135. Let d be v(-4). Calculate the highest common divisor of d and 319.
29
Let x be 22 + -5 + (8 - 2). Let d(w) = -w**3 - 4*w**2 - 10*w - 10. Let l be d(-7). Calculate the greatest common divisor of l and x.
23
Let k(o) = -108*o + 6. Let q be k(-4). Suppose -5*b + q + 627 = 0. Suppose -4*d = -147 - b. Calculate the highest common divisor of d and 10.
10
Suppose 2*g = 2, 2*r + g = 6*g + 85. Calculate the highest common divisor of 10 and r.
5
Let x be 5/(30/4)*(-1260)/(-20). What is the greatest common factor of x and 21?
21
Let f be 18/(-12)*(-14 + 4). What is the greatest common divisor of 9 and f?
3
Suppose -320 = -3*m + 100. Suppose -4*c = -8*c + m. Calculate the highest common factor of c and 14.
7
Let k be (6/3 - 1) + 1. Suppose -2 = c + k. Let y(d) = -7*d + 2. Let i be y(c). Calculate the greatest common factor of 15 and i.
15
Suppose 0 = -16*q + 122 + 54. Let y(r) = 4*r - 8*r - 11 - 7*r. Let c be y(-6). What is the highest common divisor of c and q?
11
Let m(p) = -2*p + 16. Let u be m(5). Let j = u - -9. Calculate the highest common divisor of 75 and j.
15
Let s(m) = -12*m - 2. Let y(i) = i**2 + 6*i - 1. Let a be y(-6). Let w be s(a). Let n = -9 + w. What is the highest common divisor of n and 4?
1
Suppose -5*k + p = -900, 0 = -8*k + 3*k - 3*p + 900. Suppose -r - 2*r + 60 = 0. What is the greatest common factor of k and r?
20
Let g = 1 - 5. Let j be (-2 + g/(-8))*-204. What is the greatest common factor of 51 and j?
51
Let v(h) = 41*h**2 + 11*h + 30. Let n be v(-4). Calculate the greatest common divisor of 6 and n.
6
Suppose 4*r + x = 219, 4*r + 0*x - x = 229. Let w be (-113750)/r - (-2)/8. Let g be w/(-15) + 8/(-20). Calculate the highest common divisor of 15 and g.
15
Let h(z) = 9*z - 47. Let a be h(6). Suppose 4*d - 45 - 11 = 0. What is the highest common divisor of a and d?
7
Let h be (12/15)/((-2)/(-35)). Let u = -4202 + 4216. What is the greatest common factor of h and u?
14
Suppose h - 20 = -2*x, 8 = 2*x - h - h. Let a be 1*(3 - 2) - (-65 - 14). Let w = a - 40. Calculate the highest common divisor of w and x.
8
Let t(n) be the second derivative of 0 - 4*n + 9*n**2 - 1/20*n**5 + 5/4*n**4 - 5/2*n**3. Let z be t(14). Calculate the greatest common factor of z and 1.
1
Suppose -i + 0*i = 0. Suppose 0 = l - i*l - 3. Let r be 29 + l/6*-2. What is the greatest common factor of r and 4?
4
Suppose -4*a + 3 = -3*a. Let q be (2 + (-10)/a)*-3. Suppose 15 + 97 = q*v. What is the greatest common factor of v and 7?
7
Suppose 0 = -0*z - 2*z + 8. Suppose -t + a = t + 28, -z*a = 2*t + 8. Let m be (t/30)/(3/(-315)). What is the highest common factor of m and 6?
6
Suppose 5*n - 207 = 2*n + y, 2*y = 5*n - 345. Suppose 0 = 3*x - 3*b - 86 - 61, -224 = -5*x - 2*b. Calculate the highest common factor of n and x.
23
Suppose -17 = -5*s - 2*u, s - 4*s + 6 = -3*u. Let l = 83 + -85. Let z be (-1 + (3 - s))*l. What is the highest common factor of z and 14?
2
Suppose 0 = -42*r + 51*r - 144. Calculate the greatest common factor of r and 32.
16
Suppose 5*c - 2*q = 26, q = -3*q - 12. Suppose o + c*o = 30. Suppose w - o*w = 4*b - 16, 4*b - 20 = -4*w. Calculate the highest common divisor of b and 9.
9
Let p = 659 + -639. Calculate the greatest common divisor of p and 90.
10
Suppose t + 5 = 7. Let r be 13/26 - (-11)/t. Let f(w) = -w**3 + 7*w**2 - 5*w. Let b be f(r). Calculate the highest common factor of b and 48.
6
Suppose 2*t = 2*x, 0 = -x - 2 + 7. Suppose -2*z + 4*a = -16, t*z + 6 = 4*z - 5*a. Suppose 24*r - 631 + 391 = 0. What is the highest common factor of r and z?
2
Let u(f) = 4*f + 268. Let p be u(-32). What is the highest common factor of 385 and p?
35
Let n = -199 - -90. Let s = n - -166. Let v be -1*s*(-10 - -7). Calculate the greatest common divisor of v and 19.
19
Let m(q) = 0*q**2 - 3 + 6*q + 12 - 2 + q**2. Let h be m(-5). Suppose -8 = -7*p + 2*p - t, -4*p = -h*t + 2. What is the highest common factor of p and 11?
1
Let d be 3 + -12 - -47 - 5. What is the highest common divisor of d and 77?
11
Let h = -96 + 99. Let r be (33 - -4) + h + 0. What is the greatest common divisor of r and 8?
8
Let b be 3 - (1 + (-74)/1). What is the greatest common divisor of b and 608?
76
Suppose 25 = 4*l - 95. Let c = l - 29. What is the greatest common divisor of c and 2?
1
Suppose -5*a - 98 = -3*r, 4*r + 3*a - 5*a = 112. Suppose 3*z - 2*y = 505, -5*z + 76*y + 848 = 79*y. Calculate the greatest common divisor of r and z.
13
Let c = -822 - -892. Let a = 16 + 19. What is the greatest common factor of a and c?
35
Let r = -6 + 10. Suppose 3*j = -38 - r. Let q(d) = -8*d - 21. Let w be q(j). What is the highest common factor of w and 13?
13
Let i(l) = -l**2 - l + 1. Let c(j) = 9*j**2 + 8*j - 6. Let o(d) = c(d) + 3*i(d). Let a be o(-3). Calculate the highest common divisor of 9 and a.
9
Suppose 101 = 4*a - 19. What is the highest common divisor of a and 320?
10
Suppose 23 = 3*d + 11. Suppose -5*h + 59 = d*w - 15, 0 = -4*h - 3*w + 60. What is the greatest common factor of 54 and h?
18
Let g = 47 + 102. Suppose -g = -5*v + o, 0 = 5*v + 4*o - 39 - 115. Calculate the highest common factor of v and 15.
15
Let s be 6*7/(28/(-18)). Let r = -22 - s. Suppose 3 + r = 2*u. Calculate the greatest common divisor of 8 and u.
4
Suppose 249*b = 230*b + 12274. Calculate the greatest common factor of b and 34.
34
Let i = 29 + -17. Suppose 5*c - 4*m = 180, 4*c - 58 = -3*m + 86. Calculate the highest common factor of i and c.
12
Let g be 480/(-14) + 2/7. Let f = g + 57. Let x = 50 - 27. Calculate the greatest common factor of f and x.
23
Suppose 8*y + 1105 = 1633. What is the greatest common divisor of y and 48?
6
Suppose -4*i + 37 + 0 = 5*g, 0 = -i - 4*g + 12. Let h be ((-16)/(-3))/(60690/(-2250) + 27). Calculate the highest common divisor of i and h.
8
Suppose 10*z - 14*z - 5*v + 281 = 0, -4*z = 3*v - 271. Calculate the highest common factor of 160 and z.
32
Let u be 2/(-5) + 3636/(-10). Let i = -214 - u. Calculate the greatest common factor of 30 and i.
30
Suppose -28 = -4*t - 3*t. Suppose -3*c + 105 = t*c. Suppose 0 = -4*g + 5*p + 300, 3*g - 4*p + 0*p = 225. What is the highest common factor of g and c?
15
Let m be (5 + -3 + -2)*(-3)/(-6). Let n = 4 + 11. Suppose 0 = -m*f - f +